ose -d + 11 + 2 = 0. What is the remainder when 38 is divided by d?
12
Let f = 58 + -28. Suppose -11*i - 80 = -16*i. Calculate the remainder when f is divided by i.
14
Let b(n) = n - 14. Let p be b(16). Calculate the remainder when 29 is divided by -24*p*1/(-3).
13
Let o(i) = i**3 - 5*i**2 + 2. Let k be o(5). Let s = k + -1. Suppose 6*l = 8*l - 2. Calculate the remainder when s is divided by l.
0
Suppose -67 + 19 = -4*m. Suppose -z - 2*z = -m. Calculate the remainder when 7 is divided by z.
3
Suppose -h = -0*h - 13. Suppose -x - 2*w = -h, x = 6*x + w - 110. What is the remainder when x is divided by 12?
11
Let x = 200 + -143. What is the remainder when x is divided by 29?
28
Let h = -26 + 34. What is the remainder when 23 is divided by h?
7
Suppose 0 = 4*o + 3*r - 40, 2*o - 3*r + 0 - 38 = 0. Calculate the remainder when o is divided by 4.
1
Let u(a) = a**2 - 10*a + 10. Let h be u(10). Calculate the remainder when (-266)/(-5) + h/(-50) is divided by (1 + 2/(-8))*24.
17
Suppose -4*k + 15 = k. Suppose -3 = k*l - 21. Calculate the remainder when 27 is divided by l.
3
Suppose 4*x = -l - 3 + 6, 4*l + 4*x = 72. Let t(d) = -1 + 1 + l*d. What is the remainder when t(1) is divided by 6?
5
Let c = -18 - -16. Calculate the remainder when (60/(c - 1))/(-2) is divided by 3.
1
Suppose 4*g = -4*i + 552, 133 = 2*g + 4*i - 139. Let u = -82 + g. Let t = -34 + u. What is the remainder when t is divided by 13?
11
Calculate the remainder when 20 is divided by 6*1 + 7 + -6.
6
Let g(s) = s**2 + 13*s - 33. Calculate the remainder when g(-16) is divided by 1.
0
Let w be 49/7*6/7. Suppose -4*a = -w*a + 16. Calculate the remainder when 15 is divided by a.
7
Suppose 4*w = -0*w - 16. Calculate the remainder when 6 is divided by (-10)/(-4) + 2/w.
0
Let l be ((-11)/3 + -3)*3. Let s = l - -35. What is the remainder when 43 is divided by s?
13
Suppose -2*d - 38 = -3*d + 5*l, -2*d + 4*l + 70 = 0. What is the remainder when 64 is divided by d?
31
Suppose -3*q + 180 = -9. Let v = -16 + 48. What is the remainder when q is divided by v?
31
Calculate the remainder when 38 is divided by 238/18 - (-12)/(-54).
12
Let w(t) be the first derivative of 4*t**2 + t + 6. What is the remainder when w(5) is divided by 22?
19
Suppose 0 = -2*o - 3*o + 60. What is the remainder when 45 is divided by o?
9
Let c(t) = -5*t - 2 + 0*t**3 - 4*t**2 + t**3 + 0. Let w be c(5). What is the remainder when 53 is divided by (0 - -1) + (15 - w)?
17
Let c(f) = -f**3 - 7*f**2 - 6*f - 9. Let n be c(-6). Let b(p) = -8*p + 1. Calculate the remainder when (-4 - -7)*(-51)/n is divided by b(-1).
8
Suppose -4*u + 88 = 3*k, -5*u = -3*k - 2*k - 145. What is the remainder when 49 is divided by u?
24
Suppose -2*s = -4*x - s + 39, -3*x + s + 30 = 0. Let r(y) = -y**2 + 12*y - 4. Let f be r(x). Suppose 9 + f = c. What is the remainder when c is divided by 17?
15
Let y(w) = 17*w + 4. What is the remainder when y(3) is divided by 29?
26
Suppose -3*l = l - 136. Calculate the remainder when 101 is divided by l.
33
Calculate the remainder when 83 is divided by (-3)/2 + (-118)/(-4).
27
Let z = 8 + -6. Suppose z*k = 2 + 8. Suppose l - 4*n - 13 = -4, 120 = k*l + 5*n. Calculate the remainder when l is divided by 11.
10
Suppose 6*t = 5*t + 12. Calculate the remainder when 21 is divided by t.
9
Let i = 16 - 10. Let h = i - -45. Suppose 0 = -4*b + 37 + h. What is the remainder when b is divided by 12?
10
Let s(x) = x**2 + 6*x + 5. What is the remainder when 32 is divided by s(-7)?
8
Let m(t) = t**2 + 7. What is the remainder when 13 is divided by m(0)?
6
Let h = 118 + -82. What is the remainder when 178 is divided by h?
34
Let i = -8 - -10. Let p(j) = 7*j + 2. What is the remainder when p(i) is divided by 9?
7
Suppose 12 = -3*d - 5*u, 0 = -5*d + 3*u - 9 + 23. What is the remainder when 13 is divided by d/(-1)*(-9 - -2)?
6
Suppose -3*d - c + 236 = 0, 4*c + c = 4*d - 302. What is the remainder when d is divided by 10?
8
Suppose -17 - 15 = -2*o. Calculate the remainder when o is divided by 6.
4
Calculate the remainder when 5 is divided by (-8 - -8) + -1 + 3.
1
Let g be 5*((-84)/(-20) + -3). Let t(w) = 2*w - 1. Calculate the remainder when t(g) is divided by 6.
5
Suppose -6 = -l - l. Suppose -l*j = -7*j + 40. Calculate the remainder when j is divided by 6.
4
Let r be (-14)/(-21)*(0 - -27). Let h = r - -27. Let l(f) = 4*f. What is the remainder when h is divided by l(3)?
9
Let p(q) = 2*q**2 - 2*q + 1. Suppose 2*l - 4 = -2*l + 2*k, -3*l = -5*k + 4. Suppose l*o + 2*o - 16 = 0. What is the remainder when p(o) is divided by 13?
12
Let d be (-7 - (0 - -1)) + -2. Let c = 60 - d. Let u = -45 + c. What is the remainder when u is divided by 13?
12
Let z(c) = c**3 - 6*c**2 + 5*c + 7. What is the remainder when 14 is divided by z(5)?
0
Let y(p) = 2*p**2 - 3*p + 4. Calculate the remainder when y(5) is divided by 7.
4
Suppose -181 = -3*t + 2*n, 33 = t + 2*n - 22. What is the remainder when t is divided by 16?
11
Let n(k) = -k**2 + 9*k - 12. Let a be n(7). Suppose 8 = -2*h - 0, -a*m + 5*h = -42. Calculate the remainder when 43 is divided by m.
10
Suppose 4*o + 13 = 5. Let r(i) = i. Let t(c) = -11*c + 1. Let x(m) = 5*r(m) + t(m). Calculate the remainder when x(o) is divided by 5.
3
Let c = 49 - 31. Suppose -c = -3*a + 141. What is the remainder when a is divided by 18?
17
Suppose -2 - 1 = l - 5*b, -5*l = 3*b + 15. Let j = l + 25. What is the remainder when j is divided by 8?
6
Calculate the remainder when (-23)/(-1) + -3 + 1 is divided by 12.
9
Calculate the remainder when 47 is divided by (-29)/(-3) + (-2)/(-6).
7
Suppose 3*y = 4*b - 578, -3*b = 6*y - 2*y + 804. Let v = -131 - y. Calculate the remainder when v is divided by 23.
21
Let n = 14 + -8. Let g(y) = y - 1. Let j be g(n). Suppose j*f - d = 59, -f + 5*d = -7 - 0. What is the remainder when 22 is divided by f?
10
Suppose -5*m + 1 = -4*m. What is the remainder when (-4)/(-1)*(m + 1) is divided by 3?
2
Let j(c) = c**2 - 3*c + 1. Let k be j(2). Let z be (5/(-2))/(k/2). Let v = z - -19. What is the remainder when 71 is divided by v?
23
Calculate the remainder when 14 is divided by 55/11*8/10.
2
Let q(r) = r**3 - 5*r**2 + 4. Let i be q(5). Suppose 5*h - 2*p - 70 = -i*p, 4*p + 20 = 0. Calculate the remainder when 31 is divided by h.
15
Suppose 18 = 5*b + 2*o + o, 2*b + o - 7 = 0. Suppose -z = -d - d + 3, -2*z - 4 = -3*d. Calculate the remainder when b is divided by d.
1
Let x be (3 - 1)/(1/4). Suppose 3 = -g + x. Suppose 5*n - z = 42, -n + 12 = -4*z + 2*z. What is the remainder when n is divided by g?
3
Let z(h) = -7*h - 33. Calculate the remainder when 17 is divided by z(-6).
8
Let a = -44 - -102. Calculate the remainder when a is divided by 30.
28
Let y = -15 - -63. Calculate the remainder when y is divided by 13.
9
Suppose 3*f - 1320 = -f. Suppose -f + 85 = -5*y. Calculate the remainder when y is divided by 17.
15
Suppose -2*h - 2 + 8 = 0. Let p(a) = 3*a**2 - 4*a - 4. Calculate the remainder when p(-3) is divided by 11 - (-3)/(h + 0).
11
Suppose -x - 1 = 3, -2*x - 142 = 2*k. Let v = k - -94. What is the remainder when v is divided by 14?
13
Let z be -4*(-3 - (-15)/4). Let s = 6 - z. Let k(y) = y**3 + y**2 + y + 17. Calculate the remainder when k(0) is divided by s.
8
Suppose 511 = 8*s + 159. What is the remainder when 129 is divided by s?
41
Let l = -83 + 85. Calculate the remainder when 14 is divided by l.
0
Suppose -69 = -4*q + j, 4*j = 3*q + j - 45. Calculate the remainder when 35 is divided by q.
17
Let n = 236 + -151. Calculate the remainder when n is divided by 11.
8
Suppose 2*l = 3*x + 1, 2*x - 11 = -0*l - l. Suppose -5*n + 8 - 3 = 0. What is the remainder when x is divided by n?
0
Suppose 3*f + 13 = -j, -2 + 3 = -2*j - f. Suppose -j*z = -0*z. Suppose z*u = 5*u + 10, 5*c - 8 = -u. Calculate the remainder when 3 is divided by c.
1
Suppose -3 = 2*r - 3*r. Let s = -1 + 3. Calculate the remainder when (8/s)/((-2)/(-4)) is divided by r.
2
Let v = 1 - 1. Calculate the remainder when 3 + v + (27 - 5) is divided by (-4)/(-18) - 115/(-9).
12
Let j = 11 + 0. Calculate the remainder when -5 - -12 - (3 + -27) is divided by j.
9
Let r = -10 - 5. Let i = r - -19. Calculate the remainder when 9 is divided by i.
1
Let h(j) = -j**2 + 15*j - 20. Calculate the remainder when h(9) is divided by 10.
4
Suppose -5*